et m(y) = y**3 + 3*y**2 - y. What is the remainder when m(3) is divided by 93/5 + (-9)/15?
15
Let z be (1 - (-134)/6)/(4/(-18)). Suppose -4*d + 3*u = -4, -3*d - 2*u = -0*u - 3. Calculate the remainder when (z/(-6) + d)*2 is divided by 8.
5
Let b be (-273 - 3) + 0 + 1. Calculate the remainder when (-4)/14 + b/(-7) is divided by -1*2 - (-192)/12.
11
Suppose -26 + 8 = -2*y. Suppose -3*h = -4*k - 31, h + 4*h = -4*k + y. Calculate the remainder when 27 is divided by (k + -3)*(-4)/2.
13
Suppose -73*v = -66*v - 434. Calculate the remainder when v is divided by 21.
20
Let a(n) = n**3 + 12*n**2 - 4*n - 18. Let v be a(-12). Suppose 0 = -c - 2 - v. Calculate the remainder when 31 is divided by 4/c*-4*34.
14
Let t(k) = -k**3 + 13*k**2 - 21*k - 5. Let h be t(11). Suppose -2*c = -2*i, -5*i = -2*i - h. What is the remainder when 4 is divided by c?
0
Calculate the remainder when 12626/30 - ((-4626)/270 + 17) is divided by 62.
49
Let h = 81 + 63. Let y = h - 76. Calculate the remainder when y is divided by 24.
20
Suppose 2*q + 12 = 3*q. Suppose 0 = 3*h, 0 = 2*o - h - 4*h - 170. Suppose -3*l = 3*s + l - o, 4*s = -5*l + 115. What is the remainder when s is divided by q?
11
Let j(x) = x**2 + 228*x + 682. Suppose 5*v = -0*v + 135. What is the remainder when v is divided by j(-3)?
6
Suppose 0 = -4*s + 2*j - 33 + 145, 3*s = 3*j + 81. Let h = 63 - s. Calculate the remainder when h is divided by 12.
10
Let w(f) = f**2 + 37. Suppose 0 = -q + 6*q + k - 29, -q + 2 = 4*k. Suppose q*h - 72 = -3*h. What is the remainder when w(0) is divided by h?
5
Let z(h) = -6*h + 0*h**3 + h**3 + 8*h**2 - 27 + 13 + 16. What is the remainder when z(-5) is divided by 11?
8
Let k be (-7 + 4)*(-13)/3. Let w = k - 11. Suppose 0*n - 16 = -4*n. Calculate the remainder when n is divided by w.
0
Suppose -12*z - 340 = -16*z. What is the remainder when z is divided by 29?
27
Suppose 4*p + 8 = 0, -3*s - 2*p = -s - 20. Let b(q) = -q + 8*q**2 + 7 + 6*q + 6*q + 2*q**2 - q**3. What is the remainder when s is divided by b(11)?
5
Let y(b) be the first derivative of -b**2 - 3*b - 7. Let g be y(-2). Calculate the remainder when g*11 + 4/(-1) is divided by 4.
3
Let d(k) = -k**2 + 11*k + 2. Let w be d(10). Let p = 17 - w. Suppose 0 = -j + p*y + 15, 2*y + 9 = j + 3*y. Calculate the remainder when 17 is divided by j.
7
Suppose 0 = 5*v - 2*v - 57. Suppose -2*y + v = -113. What is the remainder when y is divided by 17?
15
Let d = -4 - -16. Let l = d - 7. Suppose 54 = -1233*m + 1239*m. Calculate the remainder when m is divided by l.
4
Let g be (151 - 1)*30/45. What is the remainder when 5125/g - ((-7)/4 - -1) is divided by 27?
25
Let q(v) = v. Let r(k) = -k - 33. Let g(z) = 5*q(z) + r(z). Calculate the remainder when 25 is divided by g(10).
4
Suppose 0 = -c - 4*c + 730. Calculate the remainder when c is divided by 25.
21
Suppose 107 = 5*o - 68. Suppose -5*w + 14 = 4*b, -23 = -3*b + 2*w - 1. Let i = 13 + b. What is the remainder when o is divided by i?
16
Suppose -65 = -5*c + 4*p, 6*c - 14 = 5*c + p. Let j(f) = -8*f**3 - 2*f. Let x be j(-2). Suppose -2*q + x = 2*q. What is the remainder when q is divided by c?
8
What is the remainder when (-9)/(-108)*531*(-24)/(-18) is divided by 42?
17
Let x(t) = -t**3 - 8*t**2 - 6*t + 3. Let y be x(-7). Let z = y + 30. Let r = -20 - -29. What is the remainder when z is divided by r?
8
Let q(z) = 153*z + 3. Let x be q(1). Suppose 3*k = -2*i + 114, -k + 4*i = -5*k + x. What is the remainder when k is divided by 7?
1
Let t be (4/7)/(10/35). Suppose 2*d - 88 = -d + 2*i, 2*d - 5*i = 66. Suppose 0 = -t*m + 70 - d. What is the remainder when m is divided by 11?
10
Let d(b) = b**2. Let a(q) = 5*q**2 + 19*q + 47. Let v(m) = -a(m) + 6*d(m). Calculate the remainder when v(23) is divided by 10.
5
Let d = -85 - -88. Suppose h = 2*h + 5*z - 44, -2*z = d*h - 106. Calculate the remainder when h is divided by 18.
16
Let q = 241 + -142. Suppose -u + 225 = 2*u - 5*n, n = -3. Let s = q - u. What is the remainder when 85 is divided by s?
27
Suppose -3*t = -276 - 702. Calculate the remainder when t is divided by 33.
29
Suppose -154*n - 48 = -157*n. What is the remainder when 60 is divided by n?
12
Let v = 28 + -3. Suppose 0 = 3*n - 5 - v. Suppose -n*g + 12*g - 156 = 0. What is the remainder when g is divided by 27?
24
Suppose -7*p + 604 = 170. What is the remainder when 184 is divided by p?
60
Let m(u) = u**2 - 11*u - 7. Let k be m(11). Let j = 22 - k. Let p(g) = g**3 - 6*g**2 + g + 2. What is the remainder when j is divided by p(6)?
5
Let x = -56 + 100. Suppose 4*k - n = 58, -6*n + 8*n - 38 = -3*k. Calculate the remainder when x is divided by k.
2
Let j(w) = -w - 1. Let x be j(-1). Let l(c) be the second derivative of c**5/20 - c**3/6 + 30*c**2 + 3*c. Calculate the remainder when l(x) is divided by 31.
29
Let v(l) be the third derivative of l**4/24 + 3*l**3/2 - l**2. Suppose 4*x + 2*x = 11*x. Calculate the remainder when v(x) is divided by 4.
1
Suppose 42*d - 704 = 10*d. What is the remainder when 41 is divided by d?
19
Let t(o) = -3 - 3*o + 1 + 5*o. Let w = 103 - 34. What is the remainder when w is divided by t(10)?
15
Suppose 68*q + 54 = 77*q. Calculate the remainder when 333 is divided by q.
3
Suppose -121 = -8*g + 55. Calculate the remainder when 813 is divided by g.
21
What is the remainder when ((-27)/108)/((-6)/8)*222 is divided by 22?
8
Let m = 710 + -686. Calculate the remainder when m is divided by 13.
11
Let b be 15/(-25) + 124/(-10). Suppose m = -0*m - 24. Let l = b - m. Calculate the remainder when 39 is divided by l.
6
Let g = -29 + 40. Suppose 7*c + 156 = g*c. Calculate the remainder when 114 is divided by c.
36
Suppose 3*c = -3*j + 84 + 90, 5*j + 5 = 0. Calculate the remainder when 68 is divided by c.
9
Let i(q) = -q**2 - 13*q - 25. Let f be i(-12). What is the remainder when 153*(f/(-6) - (-3)/(-2)) is divided by 21?
18
Calculate the remainder when 302 is divided by (4 + 0)/12*114.
36
Suppose -17*v = -32*v + 1125. What is the remainder when v is divided by 40?
35
What is the remainder when ((-5)/(-40)*2148)/(3/4) is divided by 40?
38
What is the remainder when 49 is divided by (-36)/(-54) + (-176)/(-6)?
19
Suppose -4*i - 117 = -7*i. What is the remainder when i is divided by 6?
3
Let w = -2 - 5. Let z be 28 - 4/(3 + w). Suppose -2*c = z - 87. What is the remainder when c is divided by 8?
5
Suppose o + 4*p - 38 = 0, -4*p = -4*o - 23 + 115. Let z = o - 22. Suppose -3*v + 3 = -c + 13, -3*v = -z*c + 85. What is the remainder when c is divided by 7?
4
Let v = -332 - -390. Calculate the remainder when v is divided by (-2)/(8/(-14))*6.
16
Suppose 2*o - 25 + 9 = 0. Calculate the remainder when 49 is divided by 4/3*36/o.
1
Let f = 548 + -402. Calculate the remainder when f is divided by 20.
6
Let b(u) = 3*u + 12. Let m be b(-6). Let j(c) = -16*c - 26. What is the remainder when j(m) is divided by 8?
6
Let q = 19 - 18. Calculate the remainder when 54 is divided by (-1 - (-12 + -2)) + q*-2.
10
Let a = 1719 + -1638. What is the remainder when a is divided by 33?
15
Suppose 0*l - 133 = -l - 4*s, 0 = 5*l - 4*s - 761. Suppose 71*x = 49*x + 836. What is the remainder when l is divided by x?
35
Suppose -4*s + 5*w + 694 = 0, s - 36 = -3*w + 129. Calculate the remainder when s is divided by 16.
11
Let h(d) = -d**2 + 8*d + 4. Let z(k) = -k + 1. Let m(n) = h(n) + 2*z(n). Let q be m(5). Let p = 61 - q. What is the remainder when p is divided by 13?
11
Let h(v) = -v**2 + v - 1. Let y(g) = -4*g**2 + 19*g + 2. Let j(w) = -6*h(w) + y(w). Calculate the remainder when j(-9) is divided by 27.
26
Suppose -478 - 5642 = -18*b. Calculate the remainder when b is divided by 114.
112
Suppose -3*b = -5*f - 544, b - 18*f - 172 = -21*f. Calculate the remainder when b is divided by 15.
13
Suppose -h - 2*x = 6, 0 = 4*h - 2*h - 2*x - 12. Let q be 1/(0 + h - 3). Calculate the remainder when -8*(q - (-22)/(-4)) is divided by 18.
16
Suppose 2*u - 1494 = 2*l, 1496 = 2*u + 37*l - 40*l. What is the remainder when u is divided by 83?
81
Let s(l) = 43*l + 438. Suppose -5 - 5 = -2*t. Calculate the remainder when s(-10) is divided by t.
3
Let p = 57 + -52. Suppose p*q - 8 - 55 = -4*k, -5*k - 1 = -q. Calculate the remainder when 41 is divided by q.
8
Suppose i = 2*m - 4*i + 7, -4*m = -i - 13. Suppose r + m = 2*r. Suppose r*a - 90 =